to base 7
-352234
Convert -293a45 (base 12) to base 15.
-d9ae5
Convert -25621175 (base 8) to base 14.
-a89101
2b8b4 (base 13) to base 16
14364
21012200021022 (base 3) to base 13
a42166
What is 101101100100010000110 (base 2) in base 10?
1493126
-1dadb3 (base 16) to base 6
-105404403
56385d (base 14) to base 12
b9338b
-21c8b (base 13) to base 16
-f016
What is 71798 (base 10) in base 11?
49a41
What is 4326042 (base 7) in base 6?
15152003
What is 8344431 (base 10) in base 13?
1962144
Convert 30234034 (base 5) to base 10.
243019
Convert 1134440454 (base 6) to base 2.
110000111001111011110010
What is -43426 (base 11) in base 14?
-18dad
1306051 (base 7) to base 12
82584
What is 2265721 (base 13) in base 4?
220112330311
What is 1000101010100100111110 (base 2) in base 3?
11021101222111
Convert -2cd67 (base 14) to base 7.
-645460
What is 132205 (base 9) in base 13?
2a764
10002211011 (base 3) to base 9
102734
Convert -1100101010000001001 (base 2) to base 14.
-ab1d7
Convert -a544e (base 15) to base 4.
-1333331003
-11001010001000010101 (base 2) to base 10
-827925
Convert -7e34f0 (base 16) to base 4.
-133203103300
ca97b6 (base 15) to base 12
3294bb3
What is 223231003 (base 4) in base 3?
100002120001
What is 11000011011011000100100 (base 2) in base 16?
61b624
What is 220101022102 (base 3) in base 2?
1110101001010100101
What is -878a8 (base 16) in base 13?
-16590b
What is 187c97 (base 14) in base 3?
1122001002101
29c00 (base 14) to base 12
50148
Convert 753b0 (base 16) to base 9.
811608
What is 6cc3 (base 16) in base 15?
83b3
Convert 135656 (base 8) to base 13.
18b3b
Convert -98009b (base 12) to base 6.
-123320315
53895 (base 11) to base 4
103012332
826247 (base 11) to base 2
101000011101110010001
-1256710 (base 8) to base 11
-220257
Convert -1020111021120 (base 3) to base 5.
-132043340
Convert -201231321 (base 4) to base 14.
-38489
Convert 1010000110010111111111 (base 2) to base 15.
3746d6
Convert 22010234 (base 5) to base 4.
231330202
-1041245 (base 7) to base 10
-127727
55304422 (base 6) to base 4
12110213132
Convert 206555024 (base 7) to base 11.
6a64193
340b7b (base 12) to base 9
1506065
What is 705a05 (base 11) in base 6?
40155403
What is 1413123 (base 11) in base 3?
11120200120100
Convert 8df4cb (base 16) to base 14.
1342575
-120320202 (base 4) to base 12
-4ab96
665271 (base 8) to base 15
46539
What is -11440483 (base 9) in base 16?
-551a21
332322200 (base 5) to base 2
101100001100111101001
Convert -7580663 (base 9) to base 13.
-ac5a20
-267110 (base 8) to base 7
-540243
What is 22325252 (base 8) in base 9?
10067462
-4520088 (base 9) to base 11
-141294a
What is -aa0a80 (base 11) in base 5?
-422230333
64363 (base 11) to base 15
1cb02
21041303 (base 5) to base 14
4789c
What is 20db (base 14) in base 8?
13061
Convert 413427 (base 10) to base 15.
8276c
Convert -3344212431 (base 5) to base 6.
-422521415
Convert 217b9 (base 16) to base 15.
2a980
What is -934366 (base 12) in base 8?
-10635776
What is -3951242 (base 10) in base 3?
-21102202002022
-157129 (base 10) to base 5
-20012004
What is 20303003 (base 4) in base 2?
1000110011000011
What is -200112101210 (base 3) in base 7?
-3046350
327646 (base 9) to base 16
2fd3c
Convert -2867809 (base 12) to base 5.
-4033202142
-1202212110 (base 5) to base 10
-2772780
544215 (base 7) to base 12
47069
What is 23242504 (base 6) in base 10?
721192
214324 (base 6) to base 4
10112230
What is -52256075 (base 8) in base 10?
-11099197
What is -306522 (base 8) in base 10?
-101714
Convert -833407 (base 9) to base 13.
-144178
-1402723 (base 8) to base 7
-3232515
-112230223 (base 4) to base 8
-265453
-13343034331 (base 5) to base 6
-1411434300
What is -855cf (base 16) in base 12?
-224153
Convert b5ef9 (base 16) to base 4.
2311323321
-3123045 (base 7) to base 15
-76463
Convert 1fbf0 (base 16) to base 11.
89771
-93982b (base 12) to base 14
-444ca7
55154 (base 9) to base 8
107344
868382 (base 9) to base 13
151970
What is 56646f (base 16) in base 3?
101122122112120
-1344314 (base 5) to base 14
-a340
What is -100010111110000011111001 (base 2) in base 3?
-122020201220010
What is -34111b (base 12) in base 10?
-831335
131010433 (base 5) to base 9
1176711
11436356 (base 7) to base 12
411065
Convert 3105661 (base 7) to base 10.
371806
Convert -110101001011100110 (base 2) to base 4.
-311023212
Convert 3824934 (base 12) to base 2.
101001111101001000111000
Convert 11001301212 (base 4) to base 12.
536886
What is -472275 (base 9) in base 13?
-9c248
Convert -1b9b34 (base 14) to base 5.
-223043143
2749855 (base 11) to base 14
8b621c
1475200 (base 10) to base 8
5501200
What is -9983a (base 11) in base 2?
-100011010101110111
What is 136631 (base 9) in base 7?
465535
What is 11100010111000101100 (base 2) in base 15?
13554e
-32222331303 (base 4) to base 5
-1441033003
1725a (base 16) to base 14
267a2
-221330310 (base 4) to base 16
-29f34
65aa5 (base 12) to base 4
200313131
Convert -74193 (base 10) to base 8.
-220721
Convert -120306054 (base 7) to base 16.
-71e5d5
Convert -e4e37 (base 15) to base 12.
-2ab9a4
Convert 22082 (base 13) to base 9.
103468
-101444455 (base 7) to base 4
-112233102322
2034425 (base 6) to base 5
11120400
-102011012201120 (base 3) to base 5
-3004210011
c7a4 (base 16) to base 3
2121002220
What is -1020221210 (base 3) in base 10?
-24753
Convert -407bd9 (base 14) to base 8.
-10223663
Convert -1042241133 (base 5) to base 14.
-440437
111001100100101100101100 (base 2) to base 11
8579267
What is -65453266 (base 8) in base 3?
-222102122201122
What is 313123241 (base 5) in base 12?
529368
Convert 215002256 (base 7) to base 9.
26315338
Convert 1000011001101001110010 (base 2) to base 6.
115111254
Convert 20111212221 (base 3) to base 8.
372335
What is -132223313 (base 4) in base 12?
-6089b
What is -139476 (base 11) in base 3?
-102001101022
-397a17 (base 13) to base 2
-101010010110111110001
Convert -3034410244 (base 5) to base 9.
-12542803
Convert -243478 (base 9) to base 10.
-146924
What is 1435b8 (base 16) in base 4?
11003112320
Convert -865c1 (base 13) to base 11.
-156361
1c79d (base 15) to base 13
33352
69a15 (base 12) to base 4
202201301
Convert 18de726 (base 15) to base 11.
a292396
Convert -11101100001011110000 (base 2) to base 9.
-1734027
What is -1104443 (base 9) in base 14?
-116561
2a2593 (base 11) to base 9
788262
Convert -1001122202020 (base 3) to base 6.
-20031223
What is -2022222102121 (base 3) in base 6?
-42322541
Convert 21311425 (base 6) to base 5.
130202104
-4535333 (base 6) to base 4
-320103021
Convert -1115088 (base 9) to base 15.
-bd01b
-1848186 (base 9) to base 2
-11111100111100100100
-60695 (base 10) to base 12
-2b15b
Convert -12133321031 (base 4) to base 9.
-3175678
What is 30a56b5 (base 13) in base 16?
e17f48
What is -3607b2 (base 12) in base 11?
-546207
-2002011211012 (base 3) to base 12
-453aab
Convert a45357 (base 12) to base 8.
11657663
What is 297526 (base 12) in base 11?
436849
-11001212122 (base 3) to base 7
-452345
-3663104 (base 9) to base 8
-7457157
What is -113030312 (base 4) in base 3?
-11211100122
What is -48163d (base 14) in base 10?
-2462599
-10112011100110 (base 3) to base 7
-21630543
Convert 663420 (base 7) to base 10.
116487
What is -36065661 (base 9) in base 14?
-2499173
-103442440 (base 5) to base 4
-1232210012
-10607 (base 9) to base 3
-100200021
-1422334232 (base 5) to base 15
-4d5acc
10a0888 (base 11) to base 13
522631
Convert 109985 (base 11) to base 7.
1323623
Convert 2121233203 (base 4) to base 16.
99be3
What is -91b84 (base 12) in base 15?
-3b491
Convert -509a6 (base 11) to base 16.
-122aa
Convert 640323 (base 11) to base 5.
230302013
What is 326bb9c (base 13) in base 4?
322310301312
28c113 (base 13) to base 4
3303203313
-1144725 (base 12) to base 9
-6228012
Convert 3128c (base 15) to base 12.
76220
Convert -21201122 (base 4) to base 6.
-500322
337924 (base 11) to base 12
21b084
Convert -46b358 (base 16) to base 13.
-c62c9b
Convert -109c4f2 (base 16) to base 9.
-35686231
1232035024 (base 6) to base 12
4992a74
What is 11133115 (base 6) in base 13?
bb382
-11652546 (base 7) to base 3
-1222121012020
-11021010100 (base 3) to base 14
-22829
Convert -10110110010000111 (base 2) to base 16.
-16c87
What is -52352331 (base 6) in base 4?
-11303322133
What is 1087a (base 14) in base 4?
21302130
What is 